 1990702081 composite?
False
Is 25114829773 a prime number?
False
Is 1574073421 a prime number?
True
Is 10738925411 a prime number?
True
Is 94328987 composite?
True
Is 11391988577 a prime number?
True
Is 344829851 prime?
False
Is 48477634917 a composite number?
True
Is 3902005673 prime?
False
Is 12432326671 prime?
False
Is 246675787 a prime number?
False
Is 24364871137 a prime number?
False
Is 54472909 prime?
True
Is 522527938421 composite?
False
Is 6402450233 a composite number?
True
Is 13816434251 prime?
True
Is 3955814389 a composite number?
True
Is 3286288277 a composite number?
True
Is 796751 prime?
True
Is 1278915439 composite?
True
Is 198926449 composite?
True
Is 9429454717 a prime number?
False
Is 13351721143 a prime number?
True
Is 17641679609 prime?
False
Is 9012433 prime?
False
Is 56346465653 a prime number?
False
Is 2975279077 a prime number?
True
Is 556702313 a prime number?
True
Is 190435858563 prime?
False
Is 143765555357 a composite number?
False
Is 3217060279 a composite number?
True
Is 1804989806 composite?
True
Is 83968291149 a prime number?
False
Is 4888726397 a prime number?
False
Is 778119607 prime?
False
Is 146163131 a prime number?
True
Is 695128673 a composite number?
False
Is 601435477 prime?
True
Is 65661649987 composite?
False
Is 239767685 prime?
False
Is 14441636327 a composite number?
False
Is 38646991459 a composite number?
False
Is 820797521 prime?
False
Is 38130793 composite?
False
Is 47158425781 prime?
False
Is 24599104837 a prime number?
True
Is 7721246831 composite?
False
Is 124815715 a prime number?
False
Is 996757007 prime?
True
Is 416443201 prime?
False
Is 136234069 composite?
False
Is 301687919 prime?
False
Is 7786149743 prime?
False
Is 3606942499 composite?
False
Is 334604519 composite?
True
Is 7851305729 a composite number?
False
Is 11836815707 prime?
False
Is 735509081 composite?
True
Is 42635573 a composite number?
False
Is 1381840997 composite?
True
Is 321664919 composite?
True
Is 102532979453 a prime number?
False
Is 100886439341 a composite number?
True
Is 3482940001 a composite number?
False
Is 1419880093 composite?
False
Is 13995056389 a composite number?
True
Is 2382815665 a composite number?
True
Is 26675869229 prime?
False
Is 33538362931 a prime number?
False
Is 62763944003 prime?
True
Is 3499426241 a composite number?
True
Is 27273720673 prime?
True
Is 514887938 composite?
True
Is 24344983317 composite?
True
Is 3877641947 prime?
True
Is 131602113439 prime?
False
Is 196670459 composite?
False
Is 186054331 a prime number?
False
Is 1129382581 a composite number?
False
Is 4959630863 a composite number?
True
Is 5854198093 a composite number?
False
Is 3955535257 a composite number?
False
Is 367719803 a composite number?
True
Is 1272875311 prime?
True
Is 648453923 composite?
True
Is 66319910911 a prime number?
True
Is 437821127 a composite number?
False
Is 6249040709 composite?
True
Is 9655857229 prime?
False
Is 1444576817 a composite number?
True
Is 3383964919 composite?
False
Is 391179037 a prime number?
True
Is 126698062753 a prime number?
True
Is 14523351847 a composite number?
True
Is 52633726499 composite?
False
Is 105259050791 a prime number?
False
Is 7545473653 prime?
False
Is 7334685181 a prime number?
True
Is 31443031 prime?
True
Is 15091625966 a prime number?
False
Is 13264857773 a composite number?
True
Is 102028446283 prime?
False
Is 1555305893 prime?
True
Is 328960165 composite?
True
Is 6446359223 a prime number?
True
Is 987043985 a composite number?
True
Is 5854626571 a prime number?
True
Is 788384587 composite?
False
Is 5737596927 prime?
False
Is 3434004181 a composite number?
True
Is 130188301 composite?
False
Is 2014315823 prime?
False
Is 10445368697 composite?
False
Is 14677903 a composite number?
True
Is 1121137189 composite?
False
Is 172175142047 prime?
True
Is 44887412831 a prime number?
False
Is 125221207357 a prime number?
True
Is 5171593403 composite?
True
Is 244840135 a composite number?
True
Is 37596477257 prime?
False
Is 251312219 a prime number?
False
Is 646984831 a prime number?
True
Is 109981528649 prime?
True
Is 925657519 a prime number?
False
Is 2542893007 a prime number?
False
Is 10476611917 composite?
True
Is 38479543 a composite number?
False
Is 2328982921 prime?
False
Is 4095878837 prime?
True
Is 129687907 a prime number?
True
Is 10384930531 composite?
False
Is 52210518781 prime?
True
Is 5753048773 a composite number?
True
Is 24155326927 a composite number?
True
Is 95105415571 prime?
True
Is 1102780947 prime?
False
Is 25032310877 composite?
True
Is 33111289979 a composite number?
False
Is 82444447 composite?
False
Is 14898984293 a composite number?
False
Is 2729117323 a composite number?
False
Is 7074614567 prime?
False
Is 30709639799 composite?
True
Is 54776059153 composite?
False
Is 23927377169 a composite number?
False
Is 9820902493 a composite number?
False
Is 102756412193 prime?
True
Is 4383250009 a composite number?
False
Is 5175088591 a composite number?
False
Is 6328753213 a composite number?
False
Is 137582869 composite?
False
Is 11439801497 composite?
False
Is 28940176289 prime?
True
Is 379840847 composite?
False
Is 170988599 composite?
True
Is 85529783071 composite?
True
Is 849516229 composite?
False
Is 777868691 composite?
True
Is 10701939341 composite?
False
Is 303571401347 a prime number?
True
Is 7701885701 prime?
False
Is 28696511221 a composite number?
True
Is 445973534 prime?
False
Is 1194879181 a prime number?
True
Is 214339616263 a prime number?
True
Is 83606410099 composite?
False
Is 442594001 a composite number?
False
Is 2125457279 composite?
True
Is 11250570161 a composite number?
True
Is 30816670483 prime?
False
Is 976502203 prime?
True
Is 1418400983 prime?
True
Is 65724083581 a prime number?
False
Is 111529807 composite?
False
Is 112907031 prime?
False
Is 286101514207 composite?
False
Is 621795739 a prime number?
True
Is 6236244919 composite?
False
Is 514520493 prime?
False
Is 27772131979 a composite number?
False
Is 5539767245 a prime number?
False
Is 17212028773 composite?
False
Is 11581617517 a prime number?
False
Is 273954053 composite?
True
Is 21795563501 a composite number?
True
Is 68226190847 a prime number?
True
Is 36950796893 a composite number?
False
Is 3010226447 composite?
True
Is 280268741 a composite number?
False
Is 995915351 composite?
False
Is 52935037 a composite number?
True
Is 706552291 composite?
False
Is 14863985921 a prime number?
False
Is 1775020393 composite?
False
Is 40293732781 a composite number?
True
Is 45868457371 a prime number?
False
Is 2928425873 a composite number?
False
Is 742871911 prime?
True
Is 22038007909 a prime number?
False
Is 44441843 prime?
True
Is 18071494517 composite?
False
Is 105145802705 composite?
True
Is 717913741 a prime number?
False
Is 6115478911 a composite number?
False
Is 8366679079 a composite number?
True
Is 33150888937 prime?
True
Is 945882991 prime?
False
Is 302931341 prime?
False
Is 46762128199 composite?
False
Is 242882399 prime?
True
Is 133006334203 a composite number?
True
Is 5667027979 a prime number?
False
Is 2279895986 a composite number?
True
Is 824220127 a composite number?
False
Is 33364551757 prime?
False
Is 4177144757 prime?
False
Is 210947827 a prime number?
False
Is 566833291 composite?
True
Is 39627771671 prime?
True
Is 1445529859 a prime number?
True
Is 12036867013 a prime number?
True
Is 154783825607 prime?
True
Is 12817021553 a prime number?
False
Is 853714409 prime?
False
Is 13202993371 composite?
False
Is 58175410103 a prime number?
True
Is 14975178047 prime?
True
Is 210660601 prime?
True
Is 2690102705 a prime number?
False
Is 2096339317 composite?
False
Is 1041198709 a composite number?
False
Is 119591473 a prime number?
True
Is 2240539589 a composite number?
False
Is 3563162635 composite?
True
Is 12256831109 prime?
False
Is 10331586283 a composite number?
True
Is 1803722639 composite?
False
Is 517644979273 a prime number?
True
Is 5851820033 a prime number?
True
Is 127830883 a prime number?
False
Is 50173284533 composite?
False
Is 11351426081 prime?
False
Is 1599312839 a composite number?
False
Is 39066385 a composite number?
True
Is 357457 a composite number?
True
Is 1456777369 composite?
False
Is 320636836889 a composite number?
False
Is 2648360227 a 